{"id":307,"date":"2024-01-30T16:25:47","date_gmt":"2024-01-30T16:25:47","guid":{"rendered":"https:\/\/aladanza.com\/entamu\/"},"modified":"2024-09-05T12:16:23","modified_gmt":"2024-09-05T12:16:23","slug":"entamu","status":"publish","type":"page","link":"https:\/\/aladanza.com\/ast-es\/","title":{"rendered":"Entamu"},"content":{"rendered":"<p>[et_pb_section fb_built=&#8221;1&#8243; admin_label=&#8221;Header&#8221; _builder_version=&#8221;4.21.0&#8243; _module_preset=&#8221;default&#8221; collapsed=&#8221;off&#8221; global_colors_info=&#8221;{}&#8221;][et_pb_row column_structure=&#8221;3_5,2_5&#8243; _builder_version=&#8221;4.24.0&#8243; _module_preset=&#8221;default&#8221; custom_margin=&#8221;||||false|false&#8221; custom_margin_tablet=&#8221;||||false|false&#8221; custom_margin_phone=&#8221;||||false|false&#8221; custom_margin_last_edited=&#8221;on|desktop&#8221; global_colors_info=&#8221;{}&#8221;][et_pb_column type=&#8221;3_5&#8243; _builder_version=&#8221;4.21.0&#8243; _module_preset=&#8221;default&#8221; global_colors_info=&#8221;{}&#8221;][et_pb_image src=&#8221;https:\/\/aladanza.com\/wp-content\/uploads\/2024\/01\/logo.png&#8221; alt=&#8221;Logu Aladanza&#8221; title_text=&#8221;logo&#8221; _builder_version=&#8221;4.24.0&#8243; _module_preset=&#8221;default&#8221; custom_margin=&#8221;5em||||false|false&#8221; custom_margin_tablet=&#8221;0em||||false|false&#8221; custom_margin_phone=&#8221;0em||||false|false&#8221; custom_margin_last_edited=&#8221;on|tablet&#8221; global_colors_info=&#8221;{}&#8221;][\/et_pb_image][et_pb_text _builder_version=&#8221;4.24.0&#8243; _module_preset=&#8221;2b952bd9-3198-432e-be3c-b511d20e3aee&#8221; text_font=&#8221;Nunito Sans|300|||||||&#8221; text_font_size=&#8221;22px&#8221; global_colors_info=&#8221;{}&#8221;]<\/p>\n<p><span>ALADANZA ye una iniciativa que dende l\u2019a\u00f1u 2017 promueve la educaci\u00f3n y\u2019l bienestar usando la tradici\u00f3n asturiana como veh\u00edculu conductor qu&#8217;impulsa\u2019l desarrollu f\u00edsicu, emocional, cognitivu y social de la persona nel nuestru entornu d\u2019angua\u00f1o. Tami\u00e9n promueve el conocimientu y aplicaci\u00f3n de recursos educativos pa talantar y xestionar el desarrollu infantil.<\/span><\/p>\n<p>[\/et_pb_text][et_pb_button button_url=&#8221;https:\/\/aladanza.com\/contacto\/&#8221; button_text=&#8221;Cont\u00e1ctanos&#8221; _builder_version=&#8221;4.24.0&#8243; _module_preset=&#8221;f57bf1ba-fee0-4547-9b51-d7273abcf5d5&#8243; button_text_color=&#8221;#FFFFFF&#8221; button_bg_color=&#8221;gcid-369d6a5c-948a-46a7-83c8-2ed935036bdf&#8221; button_font=&#8221;Nunito Sans|700||on|||||&#8221; global_colors_info=&#8221;{%22gcid-369d6a5c-948a-46a7-83c8-2ed935036bdf%22:%91%22button_text_color%22,%22button_bg_color%22%93}&#8221;][\/et_pb_button][\/et_pb_column][et_pb_column type=&#8221;2_5&#8243; _builder_version=&#8221;4.21.0&#8243; _module_preset=&#8221;default&#8221; global_colors_info=&#8221;{}&#8221;][et_pb_image src=&#8221;https:\/\/aladanza.com\/wp-content\/uploads\/2024\/01\/arbol-aladanza.png&#8221; alt=&#8221;L&apos;arbol\u00f3n d&apos;Aladanza&#8221; title_text=&#8221;arbol-aladanza&#8221; _builder_version=&#8221;4.24.0&#8243; _module_preset=&#8221;default&#8221; background_enable_image=&#8221;off&#8221; custom_margin=&#8221;|-8vw|||false|false&#8221; custom_margin_tablet=&#8221;|0vw|||false|false&#8221; custom_margin_phone=&#8221;|0vw|||false|false&#8221; custom_margin_last_edited=&#8221;on|desktop&#8221; global_colors_info=&#8221;{}&#8221;][\/et_pb_image][\/et_pb_column][\/et_pb_row][\/et_pb_section][et_pb_section fb_built=&#8221;1&#8243; admin_label=&#8221;Top Categories&#8221; _builder_version=&#8221;4.21.0&#8243; _module_preset=&#8221;default&#8221; overflow-x=&#8221;hidden&#8221; overflow-y=&#8221;hidden&#8221; collapsed=&#8221;off&#8221; global_colors_info=&#8221;{}&#8221;][et_pb_row _builder_version=&#8221;4.21.0&#8243; _module_preset=&#8221;default&#8221; max_width=&#8221;822px&#8221; module_alignment=&#8221;center&#8221; custom_padding=&#8221;||13px|||&#8221; saved_tabs=&#8221;all&#8221; global_colors_info=&#8221;{}&#8221;][et_pb_column type=&#8221;4_4&#8243; _builder_version=&#8221;4.21.0&#8243; _module_preset=&#8221;default&#8221; global_colors_info=&#8221;{}&#8221;][et_pb_text _builder_version=&#8221;4.24.0&#8243; _module_preset=&#8221;9471c0bf-b7b6-4efa-951e-38ce74a9faf8&#8243; header_2_font=&#8221;Libre Franklin|300||on|||||&#8221; header_2_text_color=&#8221;#009ee0&#8243; header_4_text_color=&#8221;gcid-52e8b489-b10c-41af-b3c4-a69642f2df1f&#8221; text_orientation=&#8221;center&#8221; custom_margin=&#8221;||3px|||&#8221; global_colors_info=&#8221;{%22gcid-52e8b489-b10c-41af-b3c4-a69642f2df1f%22:%91%22header_4_text_color%22%93}&#8221;]<\/p>\n<h2>\u00bfA qu\u00e9 nos dedicamos?<\/h2>\n<p>[\/et_pb_text][et_pb_text _builder_version=&#8221;4.24.0&#8243; _module_preset=&#8221;540987c5-a9a1-46d0-8ae6-2a2d5a0c46e2&#8243; header_3_font=&#8221;Nunito|300|||||||&#8221; header_3_font_size=&#8221;24px&#8221; text_orientation=&#8221;center&#8221; global_colors_info=&#8221;{}&#8221;]<\/p>\n<h3 class=\"s3\"><span class=\"s2\">Les<\/span><span class=\"s2\"> tres estayes principales del trabauo d&#8217;ALADANZA son:<\/span><\/h3>\n<p>[\/et_pb_text][\/et_pb_column][\/et_pb_row][et_pb_row column_structure=&#8221;1_3,1_3,1_3&#8243; _builder_version=&#8221;4.24.0&#8243; _module_preset=&#8221;default&#8221; custom_padding=&#8221;2px|||||&#8221; global_colors_info=&#8221;{}&#8221;][et_pb_column type=&#8221;1_3&#8243; _builder_version=&#8221;4.24.0&#8243; _module_preset=&#8221;default&#8221; background_image=&#8221;https:\/\/aladanza.com\/wp-content\/uploads\/2024\/01\/manes2.jpg&#8221; overflow-x=&#8221;visible&#8221; overflow-y=&#8221;visible&#8221; custom_padding=&#8221;300px|40px|20px|20px|false|false&#8221; border_radii=&#8221;on|30px|30px|30px|30px&#8221; global_colors_info=&#8221;{}&#8221;][et_pb_icon font_icon=&#8221;&#x24;||divi||400&#8243; icon_color=&#8221;#FFFFFF&#8221; _builder_version=&#8221;4.24.0&#8243; _module_preset=&#8221;16547575-cdd5-4b53-92e3-d609bb9066ad&#8221; transform_translate=&#8221;50%|50%&#8221; transform_translate_linked__hover=&#8221;off&#8221; positioning=&#8221;absolute&#8221; position_origin_a=&#8221;bottom_right&#8221; border_color_all=&#8221;#0079c0&#8243; locked=&#8221;off&#8221; global_colors_info=&#8221;{%22gcid-63ace26e-ec1a-49a4-96c1-d62eb83c71e6%22:%91%22background_color%22%93,%22gcid-369d6a5c-948a-46a7-83c8-2ed935036bdf%22:%91%22border_color_all%22,%22icon_color%22%93,%22gcid-52e8b489-b10c-41af-b3c4-a69642f2df1f%22:%91%22background_color__hover%22%93}&#8221; transform_styles__hover_enabled=&#8221;off|hover&#8221; transform_scale__hover_enabled=&#8221;off|hover&#8221; transform_translate__hover_enabled=&#8221;off|hover&#8221; transform_rotate__hover_enabled=&#8221;off|hover&#8221; transform_skew__hover_enabled=&#8221;off|hover&#8221; transform_origin__hover_enabled=&#8221;off|hover&#8221;][\/et_pb_icon][et_pb_blurb title=&#8221;Programes&#8221; _builder_version=&#8221;4.24.0&#8243; _module_preset=&#8221;4f7c734d-951e-4613-97c8-5529b0403be2&#8243; header_font=&#8221;Libre Franklin|300||on|||||&#8221; header_text_align=&#8221;left&#8221; body_font=&#8221;Nunito Sans||||||||&#8221; body_text_color=&#8221;#FFFFFF&#8221; link_option_url=&#8221;#&#8221; global_colors_info=&#8221;{}&#8221;]<\/p>\n<div class=\"s5\"><span class=\"s2\">Desendolcu de programes educativos pa la reciella.<\/span><\/div>\n<p>[\/et_pb_blurb][\/et_pb_column][et_pb_column type=&#8221;1_3&#8243; _builder_version=&#8221;4.24.0&#8243; _module_preset=&#8221;default&#8221; background_image=&#8221;https:\/\/aladanza.com\/wp-content\/uploads\/2024\/01\/panderu.jpg&#8221; overflow-x=&#8221;visible&#8221; overflow-y=&#8221;visible&#8221; custom_padding=&#8221;300px|40px|20px|20px|false|false&#8221; border_radii=&#8221;on|30px|30px|30px|30px&#8221; global_colors_info=&#8221;{}&#8221;][et_pb_icon font_icon=&#8221;&#x24;||divi||400&#8243; icon_color=&#8221;#FFFFFF&#8221; _builder_version=&#8221;4.21.0&#8243; _module_preset=&#8221;16547575-cdd5-4b53-92e3-d609bb9066ad&#8221; transform_translate=&#8221;50%|50%&#8221; positioning=&#8221;absolute&#8221; position_origin_a=&#8221;bottom_right&#8221; border_color_all=&#8221;#0079c0&#8243; locked=&#8221;off&#8221; global_colors_info=&#8221;{}&#8221;][\/et_pb_icon][et_pb_blurb title=&#8221;Cultura Asturiana&#8221; _builder_version=&#8221;4.24.0&#8243; _module_preset=&#8221;4f7c734d-951e-4613-97c8-5529b0403be2&#8243; header_font=&#8221;Libre Franklin|300||on|||||&#8221; header_text_align=&#8221;left&#8221; body_font=&#8221;Nunito Sans||||||||&#8221; body_text_color=&#8221;#FFFFFF&#8221; link_option_url=&#8221;#&#8221; global_colors_info=&#8221;{}&#8221;]<\/p>\n<p><span>Espardimientu de la cultura tradicional asturiana.<\/span><\/p>\n<p>[\/et_pb_blurb][\/et_pb_column][et_pb_column type=&#8221;1_3&#8243; _builder_version=&#8221;4.24.0&#8243; _module_preset=&#8221;default&#8221; background_image=&#8221;https:\/\/aladanza.com\/wp-content\/uploads\/2024\/01\/danza.jpg&#8221; overflow-x=&#8221;visible&#8221; overflow-y=&#8221;visible&#8221; custom_padding=&#8221;300px|40px|20px|20px|false|false&#8221; border_radii=&#8221;on|30px|30px|30px|30px&#8221; global_colors_info=&#8221;{}&#8221;][et_pb_icon font_icon=&#8221;&#x24;||divi||400&#8243; icon_color=&#8221;#FFFFFF&#8221; _builder_version=&#8221;4.24.0&#8243; _module_preset=&#8221;16547575-cdd5-4b53-92e3-d609bb9066ad&#8221; transform_translate=&#8221;50%|50%&#8221; positioning=&#8221;absolute&#8221; position_origin_a=&#8221;bottom_right&#8221; border_color_all=&#8221;#0079c0&#8243; locked=&#8221;off&#8221; global_colors_info=&#8221;{}&#8221; custom_padding__hover_enabled=&#8221;off|hover&#8221; custom_padding__hover=&#8221;16px|16px|16px|16px|true|true&#8221; transform_styles__hover_enabled=&#8221;off|hover&#8221; transform_scale__hover_enabled=&#8221;off|hover&#8221; transform_translate__hover_enabled=&#8221;off|hover&#8221; transform_rotate__hover_enabled=&#8221;off|hover&#8221; transform_skew__hover_enabled=&#8221;off|hover&#8221; transform_origin__hover_enabled=&#8221;off|hover&#8221; transform_scale__hover=&#8221;110%|110%&#8221;][\/et_pb_icon][et_pb_blurb title=&#8221;Actividaes&#8221; _builder_version=&#8221;4.24.0&#8243; _module_preset=&#8221;4f7c734d-951e-4613-97c8-5529b0403be2&#8243; header_font=&#8221;Libre Franklin|300||on|||||&#8221; header_text_align=&#8221;left&#8221; body_font=&#8221;Nunito Sans||||||||&#8221; body_text_color=&#8221;#FFFFFF&#8221; link_option_url=&#8221;#&#8221; locked=&#8221;off&#8221; global_colors_info=&#8221;{}&#8221;]<\/p>\n<div class=\"s7\"><span class=\"s2\">Actividaes de danza, m\u00fasica y bienestar pa persones adultes.<\/span><\/div>\n<p>[\/et_pb_blurb][\/et_pb_column][\/et_pb_row][\/et_pb_section][et_pb_section fb_built=&#8221;1&#8243; _builder_version=&#8221;4.24.0&#8243; _module_preset=&#8221;default&#8221; background_color=&#8221;rgba(0,158,224,0.15)&#8221; global_colors_info=&#8221;{}&#8221;][et_pb_row _builder_version=&#8221;4.21.0&#8243; _module_preset=&#8221;default&#8221; max_width=&#8221;822px&#8221; module_alignment=&#8221;center&#8221; custom_padding=&#8221;||13px|||&#8221; saved_tabs=&#8221;all&#8221; global_colors_info=&#8221;{}&#8221;][et_pb_column type=&#8221;4_4&#8243; _builder_version=&#8221;4.21.0&#8243; _module_preset=&#8221;default&#8221; global_colors_info=&#8221;{}&#8221;][et_pb_text _builder_version=&#8221;4.24.0&#8243; _module_preset=&#8221;9471c0bf-b7b6-4efa-951e-38ce74a9faf8&#8243; header_2_font=&#8221;Libre Franklin|300||on|||||&#8221; header_2_text_color=&#8221;#009ee0&#8243; header_4_text_color=&#8221;gcid-52e8b489-b10c-41af-b3c4-a69642f2df1f&#8221; text_orientation=&#8221;center&#8221; custom_margin=&#8221;||3px|||&#8221; global_colors_info=&#8221;{%22gcid-52e8b489-b10c-41af-b3c4-a69642f2df1f%22:%91%22header_4_text_color%22%93}&#8221;]<\/p>\n<h2>AlaDANZA al d\u00eda<\/h2>\n<div id=\"gtx-trans\" style=\"position: absolute; left: 2px; top: 52.4141px;\">\n<div class=\"gtx-trans-icon\"><\/div>\n<\/div>\n<p>[\/et_pb_text][et_pb_text _builder_version=&#8221;4.24.0&#8243; _module_preset=&#8221;540987c5-a9a1-46d0-8ae6-2a2d5a0c46e2&#8243; header_3_font=&#8221;Nunito|300|||||||&#8221; header_3_font_size=&#8221;24px&#8221; text_orientation=&#8221;center&#8221; global_colors_info=&#8221;{}&#8221;]<\/p>\n<h3 class=\"s3\">La actualid\u00e1 d&#8217;ALADANZA: actividaes, opini\u00f3n, axenda&#8230;<\/h3>\n<p>[\/et_pb_text][\/et_pb_column][\/et_pb_row][et_pb_row _builder_version=&#8221;4.24.0&#8243; _module_preset=&#8221;default&#8221; global_colors_info=&#8221;{}&#8221;][et_pb_column type=&#8221;4_4&#8243; _builder_version=&#8221;4.24.0&#8243; _module_preset=&#8221;default&#8221; global_colors_info=&#8221;{}&#8221;][et_pb_blog fullwidth=&#8221;off&#8221; show_author=&#8221;off&#8221; _builder_version=&#8221;4.24.0&#8243; _module_preset=&#8221;default&#8221; header_font=&#8221;Libre Franklin|||on|||||&#8221; header_text_color=&#8221;#0079c0&#8243; body_font=&#8221;Nunito Sans||||||||&#8221; meta_font=&#8221;Nunito Sans||||||||&#8221; border_radii=&#8221;on|25px|25px|25px|25px&#8221; border_color_all=&#8221;#00a1dc&#8221; global_colors_info=&#8221;{}&#8221;][\/et_pb_blog][\/et_pb_column][\/et_pb_row][\/et_pb_section]<\/p>\n","protected":false},"excerpt":{"rendered":"<p>ALADANZA ye una iniciativa que dende l\u2019a\u00f1u 2017 promueve la educaci\u00f3n y\u2019l bienestar usando la tradici\u00f3n asturiana como veh\u00edculu conductor qu&#8217;impulsa\u2019l desarrollu f\u00edsicu, emocional, cognitivu y social de la persona nel nuestru entornu d\u2019angua\u00f1o. Tami\u00e9n promueve el conocimientu y aplicaci\u00f3n de recursos educativos pa talantar y xestionar el desarrollu infantil.\u00bfA qu\u00e9 nos dedicamos?Les tres estayes [&hellip;]<\/p>\n","protected":false},"author":1,"featured_media":0,"parent":0,"menu_order":0,"comment_status":"closed","ping_status":"closed","template":"","meta":{"_seopress_robots_primary_cat":"","_seopress_titles_title":"","_seopress_titles_desc":"","_seopress_robots_index":"","_et_pb_use_builder":"on","_et_pb_old_content":"","_et_gb_content_width":"","footnotes":""},"class_list":["post-307","page","type-page","status-publish","hentry"],"_links":{"self":[{"href":"https:\/\/aladanza.com\/ast-es\/wp-json\/wp\/v2\/pages\/307","targetHints":{"allow":["GET"]}}],"collection":[{"href":"https:\/\/aladanza.com\/ast-es\/wp-json\/wp\/v2\/pages"}],"about":[{"href":"https:\/\/aladanza.com\/ast-es\/wp-json\/wp\/v2\/types\/page"}],"author":[{"embeddable":true,"href":"https:\/\/aladanza.com\/ast-es\/wp-json\/wp\/v2\/users\/1"}],"replies":[{"embeddable":true,"href":"https:\/\/aladanza.com\/ast-es\/wp-json\/wp\/v2\/comments?post=307"}],"version-history":[{"count":0,"href":"https:\/\/aladanza.com\/ast-es\/wp-json\/wp\/v2\/pages\/307\/revisions"}],"wp:attachment":[{"href":"https:\/\/aladanza.com\/ast-es\/wp-json\/wp\/v2\/media?parent=307"}],"curies":[{"name":"wp","href":"https:\/\/api.w.org\/{rel}","templated":true}]}}