{"id":300,"date":"2024-02-18T22:41:57","date_gmt":"2024-02-18T22:41:57","guid":{"rendered":"https:\/\/aladanza.com\/sobre-min\/"},"modified":"2024-02-27T15:58:19","modified_gmt":"2024-02-27T15:58:19","slug":"sobre-min","status":"publish","type":"page","link":"https:\/\/aladanza.com\/ast-es\/sobre-min\/","title":{"rendered":"Sobre min"},"content":{"rendered":"<p>[et_pb_section fb_built=&#8221;1&#8243; admin_label=&#8221;Header&#8221; _builder_version=&#8221;4.21.0&#8243; _module_preset=&#8221;default&#8221; custom_padding=&#8221;||0px||false|false&#8221; collapsed=&#8221;on&#8221; global_colors_info=&#8221;{}&#8221;][et_pb_row _builder_version=&#8221;4.21.0&#8243; _module_preset=&#8221;default&#8221; global_colors_info=&#8221;{}&#8221;][et_pb_column type=&#8221;4_4&#8243; _builder_version=&#8221;4.21.0&#8243; _module_preset=&#8221;default&#8221; global_colors_info=&#8221;{}&#8221;][et_pb_text _builder_version=&#8221;4.24.0&#8243; _module_preset=&#8221;_initial&#8221; header_font=&#8221;Libre Franklin|300||on|||||&#8221; header_text_color=&#8221;#0079c0&#8243; header_font_size=&#8221;80px&#8221; header_line_height=&#8221;1.2em&#8221; hover_enabled=&#8221;0&#8243; header_font_size_tablet=&#8221;40px&#8221; header_font_size_phone=&#8221;24px&#8221; header_font_size_last_edited=&#8221;on|phone&#8221; global_colors_info=&#8221;{}&#8221; sticky_enabled=&#8221;0&#8243;]<\/p>\n<h1>So<span>bre<\/span> m\u00edn<\/h1>\n<p>[\/et_pb_text][\/et_pb_column][\/et_pb_row][\/et_pb_section][et_pb_section fb_built=&#8221;1&#8243; admin_label=&#8221;About&#8221; _builder_version=&#8221;4.21.0&#8243; _module_preset=&#8221;default&#8221; collapsed=&#8221;on&#8221; global_colors_info=&#8221;{}&#8221;][et_pb_row column_structure=&#8221;2_5,3_5&#8243; _builder_version=&#8221;4.21.0&#8243; _module_preset=&#8221;default&#8221; global_colors_info=&#8221;{}&#8221;][et_pb_column type=&#8221;2_5&#8243; _builder_version=&#8221;4.21.0&#8243; _module_preset=&#8221;default&#8221; global_colors_info=&#8221;{}&#8221;][et_pb_image src=&#8221;https:\/\/aladanza.com\/wp-content\/uploads\/2024\/02\/Rosa-Cuervo-Aladanza.jpg&#8221; alt=&#8221;Rosa Cuervo- Aladanza&#8221; title_text=&#8221;Rosa Cuervo &#8211; Aladanza&#8221; _builder_version=&#8221;4.24.0&#8243; _module_preset=&#8221;default&#8221; global_colors_info=&#8221;{}&#8221;][\/et_pb_image][et_pb_image src=&#8221;https:\/\/aladanza.com\/wp-content\/uploads\/2024\/02\/semeya-sobre-mi-1-1.jpg&#8221; _builder_version=&#8221;4.24.0&#8243; _module_preset=&#8221;default&#8221; alt=&#8221;Presentaci\u00f3n Rosa Vuervo, Aladanza&#8221; title_text=&#8221;semeya sobre mi 1 (1)&#8221; hover_enabled=&#8221;0&#8243; sticky_enabled=&#8221;0&#8243;][\/et_pb_image][et_pb_image src=&#8221;https:\/\/aladanza.com\/wp-content\/uploads\/2024\/02\/danza-y-musica-tradicionales-asturianas.jpg&#8221; _builder_version=&#8221;4.24.0&#8243; _module_preset=&#8221;default&#8221; alt=&#8221;Rosa Cuervo col panderu&#8221; title_text=&#8221;danza-y-musica-tradicionales-asturianas&#8221; hover_enabled=&#8221;0&#8243; sticky_enabled=&#8221;0&#8243;][\/et_pb_image][\/et_pb_column][et_pb_column type=&#8221;3_5&#8243; _builder_version=&#8221;4.21.0&#8243; _module_preset=&#8221;default&#8221; global_colors_info=&#8221;{}&#8221;][et_pb_text module_class=&#8221;pa-bullet-list-1&#8243; _builder_version=&#8221;4.24.0&#8243; _module_preset=&#8221;_initial&#8221; text_font=&#8221;||||||||&#8221; text_font_size=&#8221;16px&#8221; text_line_height=&#8221;1.8em&#8221; text_font_size_tablet=&#8221;15px&#8221; text_font_size_phone=&#8221;14px&#8221; text_font_size_last_edited=&#8221;on|desktop&#8221; custom_css_free_form=&#8221;\/*bullet checklist by www.peeayecreative.com*\/||.pa-bullet-list-1 ul {||list-style-type: none!important;||}||||.pa-bullet-list-1 ul li:before {||content: &#8216;%9224&#8217;!important;||color: #0079c0;||font-family: &#8216;ETMODULES&#8217;!important;||margin-right: 10px;||margin-left: -29px;||font-size: 1.2em!important;||}||||.pa-bullet-list-1 ul li strong {|| text-transform: uppercase;||  font-weight: 300;||  color: #0079c0;||}||&#8221; global_colors_info=&#8221;{}&#8221;]<\/p>\n<p>Dende bien peque\u00f1a prest\u00e1bame&#8217;l baille asturianu, pero nun foi hasta 1990, y\u00e1 no cabero de la mio adolescencia, cuando decid\u00ed practicalo y entusiasm\u00f3me. Mientres que profesionalmente me dedicaba a la xesti\u00f3n alministrativa y de recursos humanos, el restu del mio tiempu llibre empleg\u00e1balu en recoyer, deprender y esparder la cultura tradicional asturiana nes sos m\u00faltiples estayes, sobremanera les venceyaes al baille y la m\u00fasica.<\/p>\n<p>Como miembru de delles asociaciones particip\u00e9, y dirix\u00ed alcuando, abondos festivales nacionales ya internacionales, muestres, esposiciones, trabayos discogr\u00e1ficos y audiovisuales, talleres ya intercambios con otros colectivos, lo que me traxo, am\u00e1s d&#8217;una amplia esperiencia, una visi\u00f3n abierta ya integradora del folclore.<\/p>\n<p>Naguando pola meyora continua, foi amestando a la mio esperiencia vital aspeutos del autoconocimientu y crecimientu personal col estudiu de ferramientes como la programaci\u00f3n neurolling\u00fc\u00edstica, la sicolox\u00eda sist\u00e9mica o la intelixencia emocional ente otres. Todo ello me llev\u00f3 a titularme como Educadora Infantil y a descubrir otra de mis pasiones: la Educaci\u00f3n, interes\u00e1ndome en diferentes metodolog\u00edas educativas (Montessori, Pikler o Doman) y art\u00edsticas (Schinca expresi\u00f3n corporal, Danza Contempor\u00e1nea, Entrenamiento Vocal Estill).<\/p>\n<p>Con tou esti bagaxe personal, profesional y formativu aport\u00f3 \u201cel momentu d&#8217;abandonar les ropes usaes que y\u00e1 tienen la forma del nuestru cuerpu y escaecer los caminos que nos lleven siempre a los mesmos llugares\u201d, tal como escribi\u00f3 Fernando Pessoa. Asina que nel 2017 decid\u00ed axuntar el mio entusiasmu pola educaci\u00f3n y el folclore y entamar el mio propiu cam\u00edn profesional creando \u201c<strong>ALADANZA<\/strong> educaci\u00f3n y tradici\u00f3n\u201d, col env\u00eds d&#8217;amestar al bienestar personal y social honrando los nuestros raiga\u00f1os.<\/p>\n<p>Nella pongo al to serviciu tola mio formaci\u00f3n vital y acad\u00e9mica como T\u00e9cnica Superior n&#8217;Educaci\u00f3n Infantil, Educadora de Masaxe Infantil, M\u00e1ster en Programaci\u00f3n Neurolling\u00fc\u00edstica y Esperta Universitaria n&#8217;Espresi\u00f3n Corporal. Cuento am\u00e1s col Certific\u00e1u de Profesionalid\u00e1 de Docencia de la Formaci\u00f3n Profesional pal Empl\u00e9u, el certific\u00e1u B2 en Llingua Asturiana y m\u00e1s de 200 hores de formaci\u00f3n en materia d&#8217;iguald\u00e1 de x\u00e9neru y conciliaci\u00f3n de la vida llaboral y familiar.<\/p>\n<p>Si quies saber m\u00e1s de la mio formaci\u00f3n y esperiencia visita\u2019l mio perfil de LinkedIn.<\/p>\n<p>[\/et_pb_text][et_pb_social_media_follow _builder_version=&#8221;4.24.0&#8243; _module_preset=&#8221;default&#8221; text_orientation=&#8221;center&#8221; hover_enabled=&#8221;0&#8243; sticky_enabled=&#8221;0&#8243;][et_pb_social_media_follow_network social_network=&#8221;linkedin&#8221; background_color=&#8221;#007bb6&#8243; _builder_version=&#8221;4.24.0&#8243; _module_preset=&#8221;default&#8221; follow_button=&#8221;off&#8221; url_new_window=&#8221;on&#8221; url=&#8221;https:\/\/www.linkedin.com\/in\/rosacuervojimenez\/?originalSubdomain=es&#8221; hover_enabled=&#8221;0&#8243; sticky_enabled=&#8221;0&#8243;]linkedin[\/et_pb_social_media_follow_network][\/et_pb_social_media_follow][\/et_pb_column][\/et_pb_row][\/et_pb_section]<\/p>\n","protected":false},"excerpt":{"rendered":"<p>Sobre m\u00ednDende bien peque\u00f1a prest\u00e1bame&#8217;l baille asturianu, pero nun foi hasta 1990, y\u00e1 no cabero de la mio adolescencia, cuando decid\u00ed practicalo y entusiasm\u00f3me. Mientres que profesionalmente me dedicaba a la xesti\u00f3n alministrativa y de recursos humanos, el restu del mio tiempu llibre empleg\u00e1balu en recoyer, deprender y esparder la cultura tradicional asturiana nes sos [&hellip;]<\/p>\n","protected":false},"author":1,"featured_media":0,"parent":0,"menu_order":0,"comment_status":"closed","ping_status":"closed","template":"","meta":{"_seopress_robots_primary_cat":"","_seopress_titles_title":"","_seopress_titles_desc":"","_seopress_robots_index":"","_et_pb_use_builder":"on","_et_pb_old_content":"","_et_gb_content_width":"","footnotes":""},"class_list":["post-300","page","type-page","status-publish","hentry"],"_links":{"self":[{"href":"https:\/\/aladanza.com\/ast-es\/wp-json\/wp\/v2\/pages\/300","targetHints":{"allow":["GET"]}}],"collection":[{"href":"https:\/\/aladanza.com\/ast-es\/wp-json\/wp\/v2\/pages"}],"about":[{"href":"https:\/\/aladanza.com\/ast-es\/wp-json\/wp\/v2\/types\/page"}],"author":[{"embeddable":true,"href":"https:\/\/aladanza.com\/ast-es\/wp-json\/wp\/v2\/users\/1"}],"replies":[{"embeddable":true,"href":"https:\/\/aladanza.com\/ast-es\/wp-json\/wp\/v2\/comments?post=300"}],"version-history":[{"count":0,"href":"https:\/\/aladanza.com\/ast-es\/wp-json\/wp\/v2\/pages\/300\/revisions"}],"wp:attachment":[{"href":"https:\/\/aladanza.com\/ast-es\/wp-json\/wp\/v2\/media?parent=300"}],"curies":[{"name":"wp","href":"https:\/\/api.w.org\/{rel}","templated":true}]}}